s divided by o(6).
13
Suppose -5*p + 28 = -p. Calculate the remainder when p is divided by 4.
3
Suppose -25 = 5*t - 10*t. Suppose -y + 0*x + 3*x = -39, -t*x = 5*y - 215. What is the remainder when y is divided by 11?
9
Let d(p) = -p**3 + 11*p**2 - 8*p + 6. Let o be d(10). Suppose 2*m - o = 2. Calculate the remainder when 26 is divided by m.
12
Let g = 24 - 18. What is the remainder when 9 is divided by g?
3
Suppose 3*p - 10 = 14. Calculate the remainder when 20 is divided by p.
4
Suppose -2*m + 1 = -5, -3*o + 162 = -5*m. What is the remainder when o is divided by 30?
29
Suppose -j + 4*j - 6 = 0, 2*g - j - 14 = 0. Calculate the remainder when 22 is divided by g.
6
Suppose 3*f = 5*g - 3*g - 36, 0 = -4*g + 2*f + 88. What is the remainder when g is divided by (-8 - -4)*(-18)/8?
6
Let w(j) = -10*j. Calculate the remainder when w(-4) is divided by 3*-14*3/((-45)/5).
12
Let v(k) = -k**2 - 6*k - 2. Let d be 1 + (-1 - -1) + -6. Suppose -4*q + 12 = 2*l - 2*q, 4*q = -5*l + 31. Calculate the remainder when l is divided by v(d).
1
Suppose -h + 2 = -3*h. Let c = 4 + h. Let k(m) = m**3 + 8*m**2 + 8*m + 9. What is the remainder when c is divided by k(-7)?
1
Let o be 6*1*1*8. Suppose -340 = -5*y + 4*r, 2*y = 4*r + r + 136. Suppose -2*l - v + o = -0*v, -2*l + 4*v = -y. What is the remainder when l is divided by 14?
12
Suppose -2*h = -61 + 23. Calculate the remainder when 51 is divided by h.
13
Suppose -89 = -12*j + 19. Calculate the remainder when 71 is divided by j.
8
Let i = 1 - -3. Suppose -5*a + 4*a - i = -4*w, 5*w = -a - 4. Suppose w = 3*q + 2*q - 230. Calculate the remainder when q is divided by 12.
10
Let w(s) = 10*s. Let i be w(-1). Let v = 16 + i. Calculate the remainder when 10 is divided by v.
4
Suppose 0 = -4*i + 11 + 13. Suppose 0 = 2*k - 8 - i. Let q = 2 + 17. Calculate the remainder when q is divided by k.
5
Suppose -54 + 15 = -4*y - u, -5*y - 5*u = -60. Calculate the remainder when 116 is divided by y.
8
Let r be 0/1 - (-2 + -1). Suppose 2*n + 2 = 3*n. Suppose 3*p - r*x = 147, n*p + 3*x + 11 - 109 = 0. Calculate the remainder when p is divided by 17.
15
Calculate the remainder when 23 is divided by (-1)/3 + (-74)/(-6).
11
Let r be 126/30 - (-2)/(-10). Suppose -5 = -2*m - a, r*m - a = 2 + 5. Suppose 0 = -6*v + m*v + 180. Calculate the remainder when v is divided by 12.
9
Suppose 2*x - 65 = 5*d - 4, 2*x + 3*d - 101 = 0. What is the remainder when x is divided by 226/10 + 12/(-20)?
21
Suppose 3*t = 19 - 4, 0 = -5*a - 4*t + 45. Suppose -2*k + 4 = 3*v, 5*v - 36 = a*k - k. What is the remainder when 16/(-6)*(-45)/12 is divided by v?
2
Let n be (-3 - (-11)/3)*12. Calculate the remainder when 43 is divided by n/(-6) - 49/(-3).
13
Let p = -7 + 21. Let q(w) = -w**2 + 7*w - 1. Let i be q(6). Suppose -s + 2*s = i. What is the remainder when p is divided by s?
4
Calculate the remainder when 72 is divided by 1/2*-2 - -26.
22
Let m(j) = -j**3 + 8*j**2 + 9*j + 6. What is the remainder when 29 is divided by m(9)?
5
Let u = -20 + 25. Suppose -5*v + u = -15. What is the remainder when v is divided by 2?
0
Let g(y) = y + 7. Suppose -3*b = 2*b - 5*u - 15, -5*u + 6 = -2*b. Calculate the remainder when 1*1*-2 + 43 is divided by g(b).
13
Suppose -38 = -4*u + 5*y, -u - 2*y + 2 = -1. Let w(h) = 2*h. Let v be w(u). Let t = 5 + v. What is the remainder when t is divided by 7?
5
Let n = 21 - 9. What is the remainder when n is divided by (2/(-6))/((-6)/90)?
2
Let z(p) = 5*p + 5*p**2 - 8*p**2 + 7*p - 6*p**2 + p**3 + 3. What is the remainder when z(8) is divided by 9?
8
Suppose -3*q = 2*q. Suppose q = -2*f - 0*j - j + 33, 15 = 3*j. Calculate the remainder when 26 is divided by f.
12
Let d(l) = -6*l**3 + l. Let s be d(-1). What is the remainder when 16 is divided by 3/s*(18 + -3)?
7
Let n(v) = 34*v**3 - v**2 + 2*v - 2. Calculate the remainder when 63 is divided by n(1).
30
Calculate the remainder when 32 is divided by (-20 + 21)/((-1)/(-18)).
14
Let w be 37 - (3 - 3) - 2. Suppose 5*q = 5*x - w, q = -4*x + 2*q + 25. What is the remainder when 16 is divided by x?
4
Let o be (1 + 0)/(2/18). Suppose -3 + 1 = -2*t, -3*t = g - o. Let a = 15 - 4. What is the remainder when a is divided by g?
5
Let l(i) = i**2 - 3*i + 6. Let f(h) = 5*h - 62. What is the remainder when f(18) is divided by l(4)?
8
Let y = 26 + -17. Let g = y + -6. Suppose 0 = 2*p - 4 - 12. Calculate the remainder when p is divided by g.
2
Suppose -3*o - o + 4*y + 68 = 0, -y - 2 = 0. Let s(t) = 2*t**2 + 29*t + 18. Calculate the remainder when o is divided by s(-14).
3
Suppose 113 - 124 = -g. Suppose -4*w - 7 = -175. Calculate the remainder when w is divided by g.
9
Let v be (-4 - -3)/((-1)/3). Suppose -a = -35 - v. Suppose -2*w + a = -0*w. Calculate the remainder when 56 is divided by w.
18
Suppose -5*h = -4*u + 67, -2*u = -7*h + 10*h - 39. Calculate the remainder when 42 is divided by u.
6
Let y be 10/(-1) + -3 + 5. Let r = 21 + y. Calculate the remainder when r is divided by 8 + (-2 + 2 - 1).
6
Suppose -5*a + 109 = -4*t, t - 4*a + 28 = -2*a. What is the remainder when (-5)/10*t*3 is divided by 14?
11
Suppose 0 = -3*j + 2*j - 5*f + 42, -4*f + 126 = 5*j. Let t(h) = -h**3 - 5*h**2 + 4*h - 4. What is the remainder when j is divided by t(-6)?
6
Suppose -3*s = q + q - 15, 0 = 3*q + 9. Calculate the remainder when 18 is divided by s.
4
Let i = -72 - -12. Let b = -30 + i. What is the remainder when 3/6 + b/(-4) is divided by 12?
11
Let n(k) = -2*k + 2 + 2*k**2 - 2 + 3 - k**3. Let y be n(2). Calculate the remainder when (y*6)/(-3) - -7 is divided by 5.
4
Suppose 19 = -2*y + 45. Suppose -5*q - 29 = -219. Calculate the remainder when q is divided by y.
12
Let i = -28 + 27. What is the remainder when 40 is divided by ((-3)/((-12)/(-56)))/i?
12
Let z(d) = -d**3 + 15*d**2 - d + 30. What is the remainder when 74 is divided by z(15)?
14
Let z(x) = x**3 - 9*x**2 + 7*x + 10. Let q be z(8). Suppose 4*v + 61 = 3*l, q*l = -3*v + 24 - 6. Calculate the remainder when l is divided by 24/10*50/15.
7
Suppose 2*j + 0*j - 21 = 5*n, 4*n + 9 = -j. Suppose -4*x + 2*t = j*t - 40, -2*x = -2*t - 10. What is the remainder when x is divided by 3?
0
Let a(v) = v**2 + 13*v + 15. Calculate the remainder when 28 is divided by a(-13).
13
Let k = -16 - -35. Let g(h) = -h**2 - 10*h - 9. Suppose v - 2*y + 12 = 0, 0*y + y - 2 = 0. Calculate the remainder when k is divided by g(v).
5
Let n(b) = -2*b. Let t be n(4). Let h(r) = r**2 + 4*r + 10. What is the remainder when h(t) is divided by 11?
9
Suppose 5*h - 64 = -2*p + 35, 0 = 2*p - 5*h - 89. Calculate the remainder when p is divided by 18.
11
Suppose 2*h - 28 + 136 = 0. Let d = h - -117. Calculate the remainder when d is divided by 16.
15
Let p = 18 + -8. Suppose -5*o + p*o = 40. Calculate the remainder when 31 is divided by o.
7
Let l = 1 + -2. Let c(z) = -z. Let s(p) = 12*p + 4. Let k(j) = l*s(j) - 6*c(j). Calculate the remainder when k(-3) is divided by 8.
6
Suppose 0 = -13*w + 14*w - 7. Suppose 2*d - 13 = -q, 5*d = 2*q + 7*d - 16. Calculate the remainder when w is divided by q.
1
Suppose -2*k + 66 = -k + 5*y, -3*y - 42 = -k. What is the remainder when k is divided by 18?
15
Let p(h) = h**3 + 13*h**2 + 10*h - 13. Let j be p(-12). Calculate the remainder when 29 is divided by j + (9/(-3))/3.
9
Suppose -2*m - 2*s + 272 = 0, 2*m + 7*s - 273 = 4*s. Suppose -u = 3*w - 61, 3*u = 5*w - 2*u - m. What is the remainder when 64 is divided by w?
20
Calculate the remainder when (-1019)/(-9) + 28/(-126) is divided by 29.
26
Suppose q + 498 = 4*i, -5*i + 496 = -i - 2*q. Suppose 0 = -0*d + 5*d - i. What is the remainder when 98 is divided by d?
23
Suppose -2*i + 7*i - 65 = 0. Suppose 0 = -2*z - 0*r + 2*r + 50, -r = 0. Calculate the remainder when z is divided by i.
12
Let g be (-4)/(-6) - (-52)/12. Suppose -4*f - 14 = -g*x + 55, -x - 5*f = -8. Let y(m) = 5*m + 4. What is the remainder when y(9) is divided by x?
10
Let t(v) = v**2 + 15. Let q be (-2)/8 - 2/(-8). Calculate the remainder when 43 is divided by t(q).
13
Let a = -214 - -240. Calculate the remainder when a is divided by (-7 - -4)*(-6)/2.
8
What is the remainder when ((-44)/(-10))/(4/10) is divided by ((-7)/(-3))/(1/3)?
4
Let g(o) = 2*o - 3*o + o**2 + 0*o**2 + 2*o. What is the remainder when 6 is divided by g(1)?
0
Suppose -3*l + 8*f - 3*f + 21 = 0, -l + 7 = 3*f.